on factor of c and i?
10
Suppose -6*f + 585 - 45 = 0. What is the highest common factor of 378 and f?
18
Suppose 26*u - 1867 = -34*u + 3533. What is the highest common divisor of u and 330?
30
Let q = -51 + 195. Let z(y) = -3*y**2 - 15*y + 5. Let g be z(0). Suppose -g*u = -3*u - q. What is the greatest common divisor of 48 and u?
24
Let z = 48 - 54. Let w be 44/((-520)/(-85) + z). Calculate the greatest common divisor of w and 22.
22
Let d(w) = -w**3 + 11*w**2 + 13*w - 9. Let v be d(12). Let i be (-1*(5 - v) - 1) + 13. Calculate the greatest common divisor of 250 and i.
10
Let p = 34 - -1. Suppose -p*x + 1312 = 6*x. Let y be 48*((-10)/(-4) - 2). Calculate the highest common factor of x and y.
8
Let z(d) = -d**3 + 6*d**2 + 16*d - 2. Let s be z(8). Let u be 93 - (8/s - -10). What is the greatest common factor of u and 6?
3
Let f be 1457/465 + (-4)/30. Suppose 225 + 215 = 5*n + 5*m, f*n - 288 = 5*m. Calculate the highest common divisor of 13 and n.
13
Suppose -6*c - 42 = -9*c. Suppose -17*b = -15*b - c. Let d(r) = 3*r - 15. Let m be d(b). Calculate the greatest common divisor of 30 and m.
6
Let t(m) = -3*m**2 - 10 + 3 + 38*m + 35. Let s be t(13). Calculate the greatest common divisor of s and 30.
15
Let z = 2517 + 4594. Calculate the greatest common divisor of z and 39.
13
Suppose 2*t - 2090 = -3*c + 1252, -4*c = 4*t - 4464. What is the greatest common factor of c and 444?
222
Suppose -k - 4*k - 40 = 2*i, -4*k - 32 = -3*i. Let m(r) = -21*r - 106. Let a be m(k). What is the highest common factor of a and 2?
2
Suppose -22*p - 2 = 20. Let d be (p - 4) + 29 + -16. Calculate the greatest common divisor of d and 68.
4
Suppose -4*r + 449*n - 445*n = -2612 - 948, 0 = -5*n. What is the greatest common divisor of 10 and r?
10
Suppose -r - 372 = -4*x, -23*r + 1423 = -27*r + 3*x. Let k = r - -927. What is the highest common factor of k and 25?
25
Let o(k) = k**3 + 13*k**2 + 6*k + 12. Let a be o(-12). Suppose -99*u = 106*u - 180*u - 4550. What is the highest common divisor of u and a?
14
Let z(g) = g**2 - 8*g + 27. Let p be z(9). Let d = p + -134. Let o be (-3)/18 - (-2)/((-24)/d). What is the highest common divisor of 64 and o?
8
Suppose 1243*l = 1240*l + 8685. Calculate the greatest common divisor of 15 and l.
15
Let y be -4 - ((-1)/2 - (-14)/(-4)). Suppose -3*l = 3*a - y*l - 27, l - 22 = -2*a. What is the highest common divisor of 65 and a?
13
Let q(u) = u**2 - 5*u - 38. Let n be q(7). Let i be (-3 + (-88)/n)*18/4. Calculate the highest common divisor of 24 and i.
3
Suppose 5*f = -10, -i = f + 45 + 1. Let u = 51 + i. Suppose -38 = -p + q, u*q = 3*q. Calculate the highest common divisor of p and 95.
19
Suppose -40*p + 43*p = -85*p + 60368. Let s(q) = 97*q**2 + 2*q - 1. Let g be s(1). What is the greatest common factor of p and g?
98
Let n = -122 + 86. Let b be 10/((-125)/96 + (-48)/n). Calculate the greatest common divisor of b and 10.
10
Let j(d) = 5*d + 3. Let q be j(4). What is the greatest common factor of 943 and q?
23
Let n(t) = t**3 + 17*t**2 - 64*t + 10. Let w be n(-20). Suppose 9*h = -18*h + 1080. Calculate the greatest common divisor of h and w.
10
Suppose 8*q - 31*q + 782 = 0. Let d = 841 + -1578. Let z be (-1)/(-2) + d/(-22). What is the highest common factor of q and z?
34
Let x = -3 + 5. Let k be 453*(x - 1) - (-11 + 13). Calculate the greatest common divisor of 123 and k.
41
Let q be (-10)/45 - ((-377232)/108)/4. What is the highest common divisor of q and 9?
9
Suppose 20*n + 12 = 24*n, 0 = -5*x + 2*n + 109. Calculate the greatest common factor of 299 and x.
23
Let j = 56 - 10. Let n be (-30)/(-25) + (-2)/10. Let t be n - ((-113)/1 + -1). What is the highest common divisor of t and j?
23
Suppose 0 = 41*a - 34*a - 1904. Let h be 20/(-60) - a/(-6). What is the greatest common factor of 180 and h?
45
Suppose -4*n + 476 = -4*t, -n = -t - 3*n - 113. Let f = 125 + t. Suppose -f - 23 = -d. Calculate the greatest common factor of d and 31.
31
Let s be (-31610)/(-80) + 3/(-24). Suppose -3*g + 5 = 2*g, -3*g = 4*d - s. Let u be (-3690)/(-25) + 6/(-10). What is the highest common divisor of u and d?
49
Suppose -63*v - 9584 = -68*v - 4*f, -4*v - f = -7676. Calculate the highest common divisor of v and 16.
16
Suppose 0 = -4*d - 3*s + 133, -2*s + 106 = 3*d - 6*s. What is the greatest common factor of d and 3077?
17
Suppose -71566 = 1865*v - 25568 - 314558. Let z(a) = a**3 + 8*a**2 + 5*a + 6. Let n be z(-6). What is the greatest common factor of n and v?
48
Suppose 3*z - 3*p = -2*p - 96, 0 = 3*z - 3*p + 96. Let k(b) = b**3 + 33*b**2 + 33*b + 36. Let c be k(z). Calculate the greatest common divisor of c and 6.
2
Let f = 59 - 49. Let z be f/(((-3)/(-2))/(9/12)). Suppose 26 = 2*u - 5*w, -z*w - 11 = -u - 3*w. What is the greatest common divisor of 48 and u?
3
Suppose -l + 2*i + 110 = 23, 4*i = 5*l - 429. Suppose -272*k - l = -277*k. What is the greatest common divisor of k and 595?
17
Let m = -9085 - -10672. What is the greatest common divisor of 23 and m?
23
Suppose 5*d = 0, 0*h + 40 = 5*h + d. Suppose 81159 - 51183 + 193216 = 1213*y. Calculate the greatest common factor of h and y.
8
Let p(c) = -19*c + 728. Let n be p(35). What is the greatest common factor of n and 714?
21
Let g = -155 - -220. Let u = -48 + g. Let v = -11 + u. Calculate the greatest common divisor of 4 and v.
2
Suppose 25*q + 29*q = 10800. What is the greatest common divisor of 10150 and q?
50
Suppose 736 = 2*s + 6*s. What is the greatest common factor of 12 and s?
4
Let a be (-13 - 95/(-10))*-16. Calculate the highest common factor of a and 3948.
28
Let q be 70376/8 - (31 + -22). What is the highest common divisor of 208 and q?
52
Let x(r) = r**3 + 187*r**2 - 3317*r - 13981. Let k be x(-203). Suppose 5*i - i + 752 = 0. Let z = -71 - i. What is the highest common factor of z and k?
13
Suppose 25 = t - 8. Let c = -18 + t. Let f be 2/7 + 30/(-105) + 3. Calculate the greatest common factor of c and f.
3
Let x = -345 + 339. Let u be ((-198)/(-27))/(x/(-36)). What is the highest common divisor of 32 and u?
4
Let u(j) = -j**3 - 18*j**2 - 34*j - 25. Let d be u(-16). Let m be (-33 - d)/(-8) + 94. Calculate the greatest common factor of 18 and m.
9
Suppose 3*v + h - 1832 = 1842, 2*v + 2*h - 2448 = 0. What is the highest common divisor of 49 and v?
49
Let p(b) = b**2 + 15*b - 160. Let x be p(-32). What is the greatest common divisor of x and 9?
3
Suppose 3*g + 87 = 3*v, -143 = 2391*v - 2395*v + g. Calculate the greatest common divisor of v and 665.
19
Suppose -2*f - b = -f + 3, -b = 5. Suppose -18 - 10 = f*c + s, 3*s = 0. Let z be c/(-16) - (-5)/40. Calculate the highest common divisor of z and 3.
1
Suppose 60*x - 1452 = 5928. Calculate the greatest common divisor of 1312 and x.
41
Let m be 1/(((-1)/(-27))/((-1)/(-3))). Let r(g) = -11 - 8*g + g + m - 11. Let y be r(-4). Calculate the highest common divisor of y and 3.
3
Suppose -2*s + 64 = -0*s. Let t be 3 + -2 - 12/(-4). Suppose -33 = -t*d - 5*f + 24, -2*d + 5*f = 9. Calculate the greatest common factor of s and d.
8
Suppose -959 - 1771 = -7*k. Suppose 31*h = 14*h + 510. What is the highest common divisor of k and h?
30
Let u(k) = k**2 + 4*k - 56. Let i be u(-11). Suppose 7*p - 98 = -35. Calculate the greatest common factor of i and p.
3
Let d(t) = 10*t + 115. Let y be d(11). Let w = y - 213. Let v(r) = -7*r - 4. Let h be v(-4). Calculate the highest common divisor of w and h.
12
Let k = -79 + 321. Let d = 290 - k. Calculate the highest common factor of 12 and d.
12
Let b(g) = -16*g**3 + 8. Let a be b(-3). Let o = a + -362. What is the greatest common divisor of o and 130?
26
Suppose -7*o = -15*o - 184. Let t = o - -75. Calculate the highest common divisor of t and 4.
4
Suppose -25*u + 5*u - 9440 = 0. Let m = 50 - u. What is the greatest common factor of m and 116?
58
Let h(z) = -2*z**3 - 8*z**2 - 2*z - 2. Let r be h(-6). Let v = -16042 + 16086. What is the greatest common factor of v and r?
22
Let b be ((-2)/((-4)/(-3)))/((-192)/2944). What is the greatest common divisor of 4393 and b?
23
Let w(g) = 23*g + 79. Let v(h) = 72*h + 236. Let j(i) = -3*v(i) + 8*w(i). Let r be j(-12). What is the highest common divisor of 22 and r?
22
Suppose 26 = 7*b - 5*b. Let q = -2 + b. Let p(l) = 11*l**3 + 2*l**2 - 3*l + 1. Let f be p(1). Calculate the highest com